[INFO] cloning repository https://github.com/anproagile/solanablog
[INFO] running `Command { std: "git" "-c" "credential.helper=" "-c" "credential.helper=/workspace/cargo-home/bin/git-credential-null" "clone" "--bare" "https://github.com/anproagile/solanablog" "/workspace/cache/git-repos/https%3A%2F%2Fgithub.com%2Fanproagile%2Fsolanablog", kill_on_drop: false }`
[INFO] [stderr] Cloning into bare repository '/workspace/cache/git-repos/https%3A%2F%2Fgithub.com%2Fanproagile%2Fsolanablog'...
[INFO] running `Command { std: "git" "rev-parse" "HEAD", kill_on_drop: false }`
[INFO] [stdout] 5d7791a1143cc73e19ca6e951e4406f9e169be8c
[INFO] checking anproagile/solanablog against master#e6e4f7ed1589e03bc2f6c5931c1a72e7947e8682 for beta-170-4
[INFO] running `Command { std: "git" "clone" "/workspace/cache/git-repos/https%3A%2F%2Fgithub.com%2Fanproagile%2Fsolanablog" "/workspace/builds/worker-2-tc2/source", kill_on_drop: false }`
[INFO] [stderr] Cloning into '/workspace/builds/worker-2-tc2/source'...
[INFO] [stderr] done.
[INFO] validating manifest of git repo https://github.com/anproagile/solanablog on toolchain e6e4f7ed1589e03bc2f6c5931c1a72e7947e8682
[INFO] running `Command { std: CARGO_HOME="/workspace/cargo-home" RUSTUP_HOME="/workspace/rustup-home" "/workspace/cargo-home/bin/cargo" "+e6e4f7ed1589e03bc2f6c5931c1a72e7947e8682" "metadata" "--manifest-path" "Cargo.toml" "--no-deps", kill_on_drop: false }`
[INFO] started tweaking git repo https://github.com/anproagile/solanablog
[INFO] finished tweaking git repo https://github.com/anproagile/solanablog
[INFO] tweaked toml for git repo https://github.com/anproagile/solanablog written to /workspace/builds/worker-2-tc2/source/Cargo.toml
[INFO] crate git repo https://github.com/anproagile/solanablog already has a lockfile, it will not be regenerated
[INFO] running `Command { std: CARGO_HOME="/workspace/cargo-home" RUSTUP_HOME="/workspace/rustup-home" "/workspace/cargo-home/bin/cargo" "+e6e4f7ed1589e03bc2f6c5931c1a72e7947e8682" "fetch" "--manifest-path" "Cargo.toml", kill_on_drop: false }`
[INFO] running `Command { std: "docker" "create" "-v" "/var/lib/crater-agent-workspace/builds/worker-2-tc2/target:/opt/rustwide/target:rw,Z" "-v" "/var/lib/crater-agent-workspace/builds/worker-2-tc2/source:/opt/rustwide/workdir:ro,Z" "-v" "/var/lib/crater-agent-workspace/cargo-home:/opt/rustwide/cargo-home:ro,Z" "-v" "/var/lib/crater-agent-workspace/rustup-home:/opt/rustwide/rustup-home:ro,Z" "-e" "SOURCE_DIR=/opt/rustwide/workdir" "-e" "CARGO_TARGET_DIR=/opt/rustwide/target" "-e" "CARGO_HOME=/opt/rustwide/cargo-home" "-e" "RUSTUP_HOME=/opt/rustwide/rustup-home" "-w" "/opt/rustwide/workdir" "-m" "1610612736" "--user" "0:0" "--network" "none" "ghcr.io/rust-lang/crates-build-env/linux@sha256:19e73879b68f455e41552ea35293514db52ea292d993f571636dbffedb77a1ee" "/opt/rustwide/cargo-home/bin/cargo" "+e6e4f7ed1589e03bc2f6c5931c1a72e7947e8682" "metadata" "--no-deps" "--format-version=1", kill_on_drop: false }`
[INFO] [stdout] 035d77c1f973d2fc311a110604653786494d0a554473a09bf0b1e4156afbaf4f
[INFO] running `Command { std: "docker" "start" "-a" "035d77c1f973d2fc311a110604653786494d0a554473a09bf0b1e4156afbaf4f", kill_on_drop: false }`
[INFO] running `Command { std: "docker" "inspect" "035d77c1f973d2fc311a110604653786494d0a554473a09bf0b1e4156afbaf4f", kill_on_drop: false }`
[INFO] running `Command { std: "docker" "rm" "-f" "035d77c1f973d2fc311a110604653786494d0a554473a09bf0b1e4156afbaf4f", kill_on_drop: false }`
[INFO] [stdout] 035d77c1f973d2fc311a110604653786494d0a554473a09bf0b1e4156afbaf4f
[INFO] running `Command { std: "docker" "create" "-v" "/var/lib/crater-agent-workspace/builds/worker-2-tc2/target:/opt/rustwide/target:rw,Z" "-v" "/var/lib/crater-agent-workspace/builds/worker-2-tc2/source:/opt/rustwide/workdir:ro,Z" "-v" "/var/lib/crater-agent-workspace/cargo-home:/opt/rustwide/cargo-home:ro,Z" "-v" "/var/lib/crater-agent-workspace/rustup-home:/opt/rustwide/rustup-home:ro,Z" "-e" "SOURCE_DIR=/opt/rustwide/workdir" "-e" "CARGO_TARGET_DIR=/opt/rustwide/target" "-e" "CARGO_INCREMENTAL=0" "-e" "RUST_BACKTRACE=full" "-e" "RUSTFLAGS=--cap-lints=forbid" "-e" "RUSTDOCFLAGS=--cap-lints=forbid" "-e" "CARGO_HOME=/opt/rustwide/cargo-home" "-e" "RUSTUP_HOME=/opt/rustwide/rustup-home" "-w" "/opt/rustwide/workdir" "-m" "1610612736" "--user" "0:0" "--network" "none" "ghcr.io/rust-lang/crates-build-env/linux@sha256:19e73879b68f455e41552ea35293514db52ea292d993f571636dbffedb77a1ee" "/opt/rustwide/cargo-home/bin/cargo" "+e6e4f7ed1589e03bc2f6c5931c1a72e7947e8682" "check" "--frozen" "--all" "--all-targets" "--message-format=json", kill_on_drop: false }`
[INFO] [stdout] 7ceecc3fc22329363b08c09679661837c3faa760c7eefd422c0b2ea6f7c40ce2
[INFO] running `Command { std: "docker" "start" "-a" "7ceecc3fc22329363b08c09679661837c3faa760c7eefd422c0b2ea6f7c40ce2", kill_on_drop: false }`
[INFO] [stderr]    Compiling proc-macro2 v1.0.32
[INFO] [stderr]    Compiling syn v1.0.81
[INFO] [stderr]    Compiling serde_derive v1.0.130
[INFO] [stderr]    Compiling serde v1.0.130
[INFO] [stderr]    Compiling typenum v1.14.0
[INFO] [stderr]    Compiling libc v0.2.106
[INFO] [stderr]    Compiling generic-array v0.14.4
[INFO] [stderr]    Compiling ryu v1.0.5
[INFO] [stderr]    Compiling proc-macro2-diagnostics v0.9.1
[INFO] [stderr]    Compiling anyhow v1.0.45
[INFO] [stderr]    Compiling semver-parser v0.7.0
[INFO] [stderr]    Compiling serde_json v1.0.68
[INFO] [stderr]    Compiling semver v0.9.0
[INFO] [stderr]    Compiling itoa v0.4.8
[INFO] [stderr]    Compiling getrandom v0.1.16
[INFO] [stderr]    Compiling quote v1.0.10
[INFO] [stderr]    Compiling rustc_version v0.2.3
[INFO] [stderr]    Compiling rustversion v1.0.5
[INFO] [stderr]    Compiling solana-frozen-abi-macro v1.8.2
[INFO] [stderr]     Checking rand_core v0.5.1
[INFO] [stderr]     Checking atty v0.2.14
[INFO] [stderr]    Compiling cc v1.0.71
[INFO] [stderr]     Checking ppv-lite86 v0.2.15
[INFO] [stderr]     Checking env_logger v0.8.4
[INFO] [stderr]    Compiling solana-frozen-abi v1.8.2
[INFO] [stderr]     Checking generic-array v0.12.4
[INFO] [stderr]     Checking solana-logger v1.8.2
[INFO] [stderr]    Compiling solana-program v1.8.2
[INFO] [stderr]     Checking memmap2 v0.1.0
[INFO] [stderr]     Checking rand_chacha v0.2.2
[INFO] [stderr]     Checking arrayvec v0.5.2
[INFO] [stderr]     Checking bs58 v0.3.1
[INFO] [stderr]     Checking digest v0.8.1
[INFO] [stderr]     Checking rand v0.7.3
[INFO] [stderr]     Checking zeroize v1.4.2
[INFO] [stderr]     Checking itertools v0.9.0
[INFO] [stderr]     Checking hex v0.4.3
[INFO] [stderr]     Checking curve25519-dalek v2.1.3
[INFO] [stderr]    Compiling blake3 v0.3.8
[INFO] [stderr]    Compiling borsh-schema-derive-internal v0.9.1
[INFO] [stderr]    Compiling borsh-derive-internal v0.9.1
[INFO] [stderr]    Compiling thiserror-impl v1.0.30
[INFO] [stderr]    Compiling bytemuck_derive v1.0.1
[INFO] [stderr]    Compiling solana-sdk-macro v1.8.2
[INFO] [stderr]    Compiling num-derive v0.3.3
[INFO] [stderr]     Checking bytemuck v1.7.2
[INFO] [stderr]    Compiling thiserror v1.0.30
[INFO] [stderr]     Checking bv v0.11.1
[INFO] [stderr]     Checking serde_bytes v0.11.5
[INFO] [stderr]     Checking bincode v1.3.3
[INFO] [stderr]    Compiling toml v0.5.8
[INFO] [stderr]     Checking digest v0.9.0
[INFO] [stderr]     Checking crypto-mac v0.8.0
[INFO] [stderr]     Checking block-buffer v0.9.0
[INFO] [stderr]     Checking hmac v0.8.1
[INFO] [stderr]     Checking sha2 v0.9.8
[INFO] [stderr]     Checking libsecp256k1-core v0.2.2
[INFO] [stderr]     Checking sha3 v0.9.1
[INFO] [stderr]     Checking hmac-drbg v0.3.0
[INFO] [stderr]    Compiling proc-macro-crate v0.1.5
[INFO] [stderr]    Compiling anchor-syn v0.18.0
[INFO] [stderr]    Compiling borsh-derive v0.9.1
[INFO] [stderr]    Compiling libsecp256k1-gen-genmult v0.2.1
[INFO] [stderr]    Compiling libsecp256k1-gen-ecmult v0.2.1
[INFO] [stderr]    Compiling libsecp256k1 v0.5.0
[INFO] [stderr]     Checking borsh v0.9.1
[INFO] [stderr]    Compiling anchor-attribute-program v0.18.0
[INFO] [stderr]    Compiling anchor-attribute-event v0.18.0
[INFO] [stderr]    Compiling anchor-attribute-access-control v0.18.0
[INFO] [stderr]    Compiling anchor-attribute-state v0.18.0
[INFO] [stderr]    Compiling anchor-attribute-error v0.18.0
[INFO] [stderr]    Compiling anchor-attribute-interface v0.18.0
[INFO] [stderr]    Compiling anchor-derive-accounts v0.18.0
[INFO] [stderr]    Compiling anchor-attribute-account v0.18.0
[INFO] [stderr]     Checking anchor-lang v0.18.0
[INFO] [stderr]     Checking blog_tutorial v0.1.0 (/opt/rustwide/workdir/programs/blog_tutorial)
[INFO] [stdout] error[E0425]: cannot find value `blog` in this scope
[INFO] [stdout]   --> programs/blog_tutorial/src/lib.rs:11:9
[INFO] [stdout]    |
[INFO] [stdout] 11 |         blog.acc.authority = *ctx.accounts.authority.key;
[INFO] [stdout]    |         ^^^^ not found in this scope
[INFO] [stdout] 
[INFO] [stdout] 
[INFO] [stdout] error[E0425]: cannot find value `blog` in this scope
[INFO] [stdout]   --> programs/blog_tutorial/src/lib.rs:11:9
[INFO] [stdout]    |
[INFO] [stdout] 11 |         blog.acc.authority = *ctx.accounts.authority.key;
[INFO] [stdout]    |         ^^^^ not found in this scope
[INFO] [stdout] 
[INFO] [stdout] 
[INFO] [stdout] error[E0609]: no field `account` on type `anchor_lang::Context<'_, '_, '_, '_, Initialize<'_>>`
[INFO] [stdout]   --> programs/blog_tutorial/src/lib.rs:10:31
[INFO] [stdout]    |
[INFO] [stdout] 10 |       let blog_acc = &mut ctx.account.blog_account;
[INFO] [stdout]    |                               ^^^^^^^ help: a field with a similar name exists: `accounts`
[INFO] [stdout] 
[INFO] [stdout] 
[INFO] [stdout] error[E0609]: no field `account` on type `anchor_lang::Context<'_, '_, '_, '_, Initialize<'_>>`
[INFO] [stdout]   --> programs/blog_tutorial/src/lib.rs:10:31
[INFO] [stdout]    |
[INFO] [stdout] 10 |       let blog_acc = &mut ctx.account.blog_account;
[INFO] [stdout]    |                               ^^^^^^^ help: a field with a similar name exists: `accounts`
[INFO] [stdout] 
[INFO] [stdout] 
[INFO] [stdout] error[E0609]: no field `account` on type `anchor_lang::Context<'_, '_, '_, '_, MakePost<'_>>`
[INFO] [stdout]   --> programs/blog_tutorial/src/lib.rs:23:33
[INFO] [stdout]    |
[INFO] [stdout] 23 |         let blog_acc = &mut ctx.account.blog_account;
[INFO] [stdout]    |                                 ^^^^^^^ help: a field with a similar name exists: `accounts`
[INFO] [stdout] 
[INFO] [stdout] 
[INFO] [stdout] error[E0609]: no field `account` on type `anchor_lang::Context<'_, '_, '_, '_, MakePost<'_>>`
[INFO] [stdout]   --> programs/blog_tutorial/src/lib.rs:23:33
[INFO] [stdout]    |
[INFO] [stdout] 23 |         let blog_acc = &mut ctx.account.blog_account;
[INFO] [stdout]    |                                 ^^^^^^^ help: a field with a similar name exists: `accounts`
[INFO] [stdout] 
[INFO] [stdout] 
[INFO] [stdout] error: aborting due to 3 previous errors
[INFO] [stdout] 
[INFO] [stdout] 
[INFO] [stdout] Some errors have detailed explanations: E0425, E0609.
[INFO] [stdout] 
[INFO] [stdout] For more information about an error, try `rustc --explain E0425`.
[INFO] [stdout] 
[INFO] [stdout] error: aborting due to 3 previous errors
[INFO] [stdout] 
[INFO] [stdout] 
[INFO] [stdout] Some errors have detailed explanations: E0425, E0609.
[INFO] [stdout] 
[INFO] [stdout] For more information about an error, try `rustc --explain E0425`.
[INFO] [stdout] 
[INFO] [stderr] error: could not compile `blog_tutorial` (lib) due to 4 previous errors
[INFO] [stderr] warning: build failed, waiting for other jobs to finish...
[INFO] [stderr] error: could not compile `blog_tutorial` (lib test) due to 4 previous errors
[INFO] running `Command { std: "docker" "inspect" "7ceecc3fc22329363b08c09679661837c3faa760c7eefd422c0b2ea6f7c40ce2", kill_on_drop: false }`
[INFO] running `Command { std: "docker" "rm" "-f" "7ceecc3fc22329363b08c09679661837c3faa760c7eefd422c0b2ea6f7c40ce2", kill_on_drop: false }`
[INFO] [stdout] 7ceecc3fc22329363b08c09679661837c3faa760c7eefd422c0b2ea6f7c40ce2
